{"id":28,"date":"2019-09-10T08:39:11","date_gmt":"2019-09-10T08:39:11","guid":{"rendered":"http:\/\/relaunch.wahrhaftnahrhaft.de\/?page_id=28"},"modified":"2023-05-14T12:15:07","modified_gmt":"2023-05-14T12:15:07","slug":"willkommen","status":"publish","type":"page","link":"http:\/\/wahrhaftnahrhaft.de\/","title":{"rendered":"Herzhaft. Schmackhaft. S\u00fcndhaft."},"content":{"rendered":"\n<p>Wir sind ein Caf\u00e9 und Catering-Service im Herzen des Friedrichshainer S\u00fcdkiezes. Egal ob Omnivor, Vegetarisch oder Vegan, wir haben f\u00fcr jeden Gusto das Passende im Angebot. \u00dcberzeugt euch selbst, wir freuen uns auf euren Besuch oder eure Anfrage.<\/p>\n\n\n\n<p class=\"has-small-font-size\"><\/p>\n\n\n\n<figure class=\"wp-block-gallery alignleft has-nested-images columns-default wp-block-gallery-1 is-layout-flex wp-block-gallery-is-layout-flex\"><\/figure>\n","protected":false},"excerpt":{"rendered":"<p>Wir sind ein Caf\u00e9 und Catering-Service im Herzen des Friedrichshainer S\u00fcdkiezes. Egal ob Omnivor, Vegetarisch oder Vegan, wir haben f\u00fcr jeden Gusto das Passende im Angebot. \u00dcberzeugt euch selbst, wir freuen uns auf euren Besuch oder eure Anfrage.<\/p>\n","protected":false},"author":1,"featured_media":0,"parent":0,"menu_order":0,"comment_status":"closed","ping_status":"closed","template":"","meta":{"footnotes":""},"class_list":["post-28","page","type-page","status-publish","hentry"],"_links":{"self":[{"href":"http:\/\/wahrhaftnahrhaft.de\/index.php?rest_route=\/wp\/v2\/pages\/28","targetHints":{"allow":["GET"]}}],"collection":[{"href":"http:\/\/wahrhaftnahrhaft.de\/index.php?rest_route=\/wp\/v2\/pages"}],"about":[{"href":"http:\/\/wahrhaftnahrhaft.de\/index.php?rest_route=\/wp\/v2\/types\/page"}],"author":[{"embeddable":true,"href":"http:\/\/wahrhaftnahrhaft.de\/index.php?rest_route=\/wp\/v2\/users\/1"}],"replies":[{"embeddable":true,"href":"http:\/\/wahrhaftnahrhaft.de\/index.php?rest_route=%2Fwp%2Fv2%2Fcomments&post=28"}],"version-history":[{"count":97,"href":"http:\/\/wahrhaftnahrhaft.de\/index.php?rest_route=\/wp\/v2\/pages\/28\/revisions"}],"predecessor-version":[{"id":541,"href":"http:\/\/wahrhaftnahrhaft.de\/index.php?rest_route=\/wp\/v2\/pages\/28\/revisions\/541"}],"wp:attachment":[{"href":"http:\/\/wahrhaftnahrhaft.de\/index.php?rest_route=%2Fwp%2Fv2%2Fmedia&parent=28"}],"curies":[{"name":"wp","href":"https:\/\/api.w.org\/{rel}","templated":true}]}}